s digit of s?
5
Suppose -2*t - 15 = -25. Suppose 3*z - 4700 = -4*x, -t*x = 2*z - 5355 - 520. What is the tens digit of x?
7
Let b(y) = -12*y**2 + 120*y + 2. Let v be b(10). Suppose 1773 = 3*k + v*i, 5*k + i - 2102 - 853 = 0. What is the units digit of k?
1
Let q(n) be the second derivative of 9*n**3/2 - 24*n**2 - 4*n. Suppose -30*h - 26*h = -616. What is the units digit of q(h)?
9
Let s(m) = -2*m - 2. Let v be s(-10). Suppose 22*n - 1108 = v*n. Suppose -3*r + b + 185 = 0, -5*b + n - 62 = 4*r. What is the units digit of r?
0
Let k be 400/120*9/(-1). What is the units digit of 210/(k/(-12) + -2)?
0
Suppose 6*q - 4*q - 5*n = 3580, -4*q - 3*n = -7186. What is the hundreds digit of q?
7
Let d(z) = -z**3 - 10*z**2 - 15*z - 1. Let p(r) = -r**3 - 11*r**2 - 14*r - 1. Let w(u) = -2*d(u) + 3*p(u). What is the tens digit of w(-16)?
5
Let h = 204 - 181. Suppose -4*a = h*r - 22*r - 518, 6 = 2*a. What is the tens digit of r?
0
Let k be (9 - -105 - -4)/(2 + -1). Suppose -117*o = -k*o + 645. What is the units digit of o?
5
Let w(a) = -64*a**3 - 2*a**2 - 7*a + 5. Suppose -229*i - 18 = -220*i. What is the hundreds digit of w(i)?
5
What is the units digit of 2 + (-6)/36 + (8 - (-553941)/54)?
8
Let b = 112 - 101. Suppose -12913 - 2212 = -b*f. What is the tens digit of f?
7
Let w be 5*6/15 + (83 - -3). Suppose 3*f - 92 = -b - b, f - w = -2*b. Let v = b + -11. What is the units digit of v?
2
Let m(d) = 0 + 17*d**2 + 39*d**2 + 52*d**2 + d + 1 - 33*d**2. Let f be (3 + -1)/((-2)/1). What is the units digit of m(f)?
5
What is the tens digit of (-167238)/(-4)*12/18?
7
Let b = 50873 - 36107. Suppose 58*d - 12*d - b = 0. What is the units digit of d?
1
Suppose 4*c + c + 2*y = 78, 0 = 3*c - 4*y - 26. Let r = c - -215. What is the units digit of r?
9
Let y(c) = -2*c**2 + 1. Let l(s) = 29*s**2 + 19*s + 8. Let d(j) = l(j) + 5*y(j). What is the hundreds digit of d(-7)?
8
Suppose -99*t = -244*t + 127*t + 49662. What is the units digit of t?
9
Let n(a) = a**3 - 11*a**2 + 7*a + 27. Let c be n(12). Let w = 65 - -349. Let j = w - c. What is the hundreds digit of j?
1
Let b(a) = a**2 - 7. Let f be b(3). Suppose -f*j + 0*c + 19 = -5*c, j = 5*c + 17. Suppose -5*y + j*y = -363. What is the tens digit of y?
2
Suppose 7*z + 20224 = 23*z. Let n = z + -842. What is the units digit of n?
2
What is the tens digit of 1*3 - (211 + -10917)?
0
Suppose 0 = 21*x + 276571 - 1171360. What is the units digit of x?
9
Let q(h) = 3*h**2 - 2*h - 1. Suppose -l + 0 = 7. Let d be q(l). Let k = d - 88. What is the tens digit of k?
7
Let k(x) = -3*x**3 - 16*x**2 - 4*x - 14. Let r(d) = -d**3 - d. Let y(c) = 2*c - 2. Let b be y(0). Let z(q) = b*r(q) + k(q). What is the tens digit of z(-16)?
1
Let t = -12 + 7. Let l(z) = -6*z**3 + 4*z**2 - 4*z + 6. Let s(h) = -7*h**3 + 4*h**2 - 4*h + 7. Let m(n) = t*l(n) + 4*s(n). What is the units digit of m(4)?
8
Suppose 226*i + 35888 = 3*s + 221*i, 0 = 2*s - i - 23916. What is the units digit of s?
6
Let x = -10233 + 19592. What is the units digit of x?
9
Let i(w) = w**3 - 34*w**2 - 145*w + 1014. What is the thousands digit of i(44)?
3
Suppose -3*t = v - 12, -3*t + 5*v = v - 27. Suppose t*m = -a + 1388, 25*a = 30*a + 5*m - 6880. What is the units digit of a?
3
Let v(z) = 1798*z**3 + 24*z**2 - 58*z - 44. What is the hundreds digit of v(3)?
5
Suppose 14*s = -4*s + 2520. Suppose -399 + s = -r. What is the units digit of r?
9
Suppose 0 = 4*k - 9*k - w - 768, -k + 4*w = 162. Suppose -9 = -2*m - 4*h - 45, 46 = -5*m + h. What is the tens digit of -2 + 5/m*k?
7
Let i be 15 + (-63020)/(-90) + (-2)/9. Suppose 5*x = -8*m + 4*m + i, 5*m = -3*x + 897. What is the hundreds digit of m?
1
Suppose z = -2*x + 17112 + 11575, x + 2*z = 14351. What is the tens digit of x?
4
Suppose -17 = -2*t - 13. Suppose a - 2*d - 2 = 0, 6 = -t*a + 2*d + 18. What is the units digit of a/(-4)*(-30 - 0)?
5
Let k(y) = -5*y - 28. Let m be k(-5). Let q(v) = -7*v**3 + 2*v**2 - 27*v - 75. What is the units digit of q(m)?
3
Let y = -29 - -32. Suppose y*t = -5*c + 11, 6*t - 3*t = -4*c + 10. What is the tens digit of (-3151)/23*(0 - c)?
3
Let o(d) = 65*d**2 - 3*d - 3. Let v be (1/2*-1)/(3/6). Let w be o(v). Let m = -29 + w. What is the tens digit of m?
3
Suppose 6*t + 2060 = 5*v + 11*t, -1654 = -4*v + 2*t. What is the hundreds digit of v?
4
Let d(o) be the first derivative of -11 - 1/3*o**3 - 10*o**2 - 21*o. What is the units digit of d(-14)?
3
Let c(w) = 4*w**2 - 2*w - 2. Let u be c(-1). Suppose -17*h - 170 = -22*h. Suppose 0 = u*j - 18 - h. What is the tens digit of j?
1
Let i = -5660 + 7836. What is the hundreds digit of i?
1
Suppose -49*z = b - 52*z - 10551, 3*b - 31685 = z. What is the units digit of b?
3
Suppose 85*s - 1171595 = 2149561 - 746591. What is the hundreds digit of s?
2
Suppose 3*p = 4*r + 42631 + 46723, -4*r = 4*p - 119092. What is the ten thousands digit of p?
2
Let b(m) = 27*m**2 + 53*m - 340. What is the units digit of b(7)?
4
Let q(o) = 23*o + 248. Let y be q(-11). Let n(f) = -2*f**3 + 9*f**2 - 8*f - 9. What is the tens digit of n(y)?
0
Suppose p - 307596 = -10*d + 26520, -p = 2*d - 66828. What is the hundreds digit of d?
4
Let k = -4 + -36. Let c be 4/(-8)*k + 2/2. Let i = 73 - c. What is the tens digit of i?
5
Suppose 895 + 541 = 2*h. Suppose 0 = 3*k - h + 97. What is the tens digit of k?
0
Let v(a) = 408*a**2 + a + 1. Let u be v(-1). Suppose -147*z - 21717 = -20*z. Let p = z + u. What is the hundreds digit of p?
2
Suppose -a = -10 + 12. Let n be -1 - a - 6 - 5. What is the tens digit of n/35 - 1752/(-7)?
5
Let y = -124 + 127. Let u(t) = 24*t**3 - 3*t**2 + t - 16. What is the hundreds digit of u(y)?
6
Let r(l) = 5 + 2 - 2 + 14*l. Let a = 5 - 4. What is the units digit of r(a)?
9
Let b = -1405 + 922. Let w = b - -725. What is the units digit of w?
2
Let s(w) = 31*w**3 + 4*w**2 - 66*w + 85. What is the units digit of s(9)?
4
Let w = -3 - -6. Suppose -w*o = 3*g - 144, -53 - 139 = -4*o + 4*g. Suppose -n - 30 = -o. What is the units digit of n?
8
What is the thousands digit of 2898115/1276*(5 - 1)?
9
Suppose 80*n - 60969 - 203431 = 0. What is the tens digit of n?
0
Let n(s) = 13*s**2 - 30*s + 10. Let j be n(4). Suppose 0 = -7*g + 2*g. Suppose f + 6*f - j = g. What is the units digit of f?
4
Suppose -129 = -5*b + 1. Let o = 31 - b. Suppose 3*l - 115 = -2*r + 183, 5*l - 480 = o*r. What is the tens digit of l?
9
Suppose 124*m - 111*m - 9139 = 0. What is the tens digit of m?
0
Let k(o) = 41 + 6*o + 4*o - 4*o + 0. What is the tens digit of k(4)?
6
Let q be (16/(-6))/(8/(-12)). Suppose -2*m = q*v - 10, -5*v - 2 = 3*m - 15. What is the units digit of 1*v/((-129)/66 + 2)?
4
Let o(j) = 34*j**2 - 26*j - 85. What is the tens digit of o(-32)?
6
Suppose 0 = 27*a + 20*a - 479447. What is the hundreds digit of a?
2
Suppose -2*a = -3*h + 5*h - 416, -h = -3*a + 616. Suppose -4*r + 895 = 5*g + 6, -r = -2*g - a. What is the units digit of r?
6
Let h(p) = -2*p**3 + 28*p**2 - 11*p + 36. Let a be h(15). Let i = 1512 + a. What is the hundreds digit of i?
9
Let k = 3737 - 5584. Let q = -625 - k. What is the hundreds digit of q?
2
Suppose 0 = -7*g + 119832 - 9379. What is the hundreds digit of g?
7
Suppose -252 = -3*v + v. Let h = v + 169. What is the tens digit of 15/(-75)*h/(-1)?
5
Let p = 92 - 88. Let u be 3/12 + 31/p. Suppose -u*j = -7*j - 150. What is the units digit of j?
0
Let g be 7/((-14)/1)*2094. Let i = -285 - g. What is the tens digit of i?
6
Suppose -310*i + 533301 = -287*i. What is the hundreds digit of i?
1
Let z(n) = n**3 - 14*n**2 + 22*n + 27. Let k be z(12). Suppose 6*c = 3*c - 4*o + 1912, -1908 = -k*c - 3*o. What is the units digit of c?
2
What is the thousands digit of (-58515)/(-5) + 84/(-15) + 9/15?
1
Let t be -2 - (-1*34 + 3). Suppose 0 = t*j - 30*j + 9. Let d = j + -5. What is the units digit of d?
4
Suppose 108 = -26*d + 22*d. Let r = d - -29. Suppose s = 2*k + 53, 4*s - 3*k + r*k = 184. What is the tens digit of s?
4
Let t = 498 + -1371. Let r = -355 - t. What is the hundreds digit of r?
5
Let x = 68 + -72. Let q be (-2 - -12)*x/(-10). Suppose -4*r + 4 = 0, -323 = -q*t - 5*r + 106. What is the hundreds digit of t?
1
Suppose 4*l + 28 = -0*y - 2*y, 5*l + 2*y = -35. Let v(x) be the first derivative of x**3/3 - 5*x**2/2 + 9*x + 17. What is the units digit of v(l)?
3
Suppose -61*m = -66*m + 7050. Suppo